 47 - s. Suppose m - 3*n = -j*m + 2272, n = 2*m - 1138. Is m composite?
False
Suppose -3*f + 3*q = -q - 69960, q - 93261 = -4*f. Suppose -15*t = -356391 + f. Is t composite?
True
Let q(l) = -361*l**3 - 6*l**2 + 2*l + 26. Is q(-3) a composite number?
True
Let c = -142 - -129. Let v(m) = 5*m**3 + 10*m**2 + m - 25. Let x(t) = -t**3 - t**2 + t - 1. Let s(r) = -v(r) - 4*x(r). Is s(c) a prime number?
True
Let m(n) = -n**2 - n + 64. Let g be m(0). Suppose g*y - 67*y + 10158 = 0. Is y composite?
True
Let b be (-48)/(-14) - -2 - (-147)/(-343). Suppose -b*k + 3*k + 1042 = 0. Is k prime?
True
Let w be 9*(-10 - -4 - -7). Let t(n) = 4*n**3 - 2*n**2 + 10*n - 17. Is t(w) composite?
True
Suppose -5*v = 5*q + 30, 3*q + 0*v = -4*v - 20. Is 1*(6 + q)*635/2 a composite number?
True
Suppose -21*f = -20*f + 607. Let g = f - -1866. Is g a prime number?
True
Suppose 0 = -7*y - 75 + 19. Let p(s) = 28*s**2 - s - 67. Is p(y) a composite number?
False
Let q = -28303 - -67306. Is q a prime number?
False
Let i(p) = 166*p**2 - 9*p + 13. Let h = -156 - -160. Is i(h) composite?
False
Suppose 18141 = 5*f - 4*s - 4830, f - 5*s - 4590 = 0. Suppose -2089 = -2*h + f. Suppose 82*o = 84*o - h. Is o a prime number?
False
Suppose 4*z - 2*b = 6, b - 15 = 4*b. Let y(u) = 10662*u**2 - 3*u - 2. Is y(z) a prime number?
True
Let w be (-4)/(-10) - (-528)/30. Let d be (-208704)/54 - 2/w. Let n = d - -6188. Is n a composite number?
True
Let q = -31 - -37. Let y be 9 - -2*(-3)/q*1. Let z(x) = x**3 - 3*x**2 + 9*x - 3. Is z(y) composite?
False
Suppose 0 = -n - 5961 - 23539. Let x be ((10/8)/(-1))/((-25)/n). Let o = 2688 + x. Is o a composite number?
False
Let f(s) = -90*s**2 + 2*s - 7. Let m be f(3). Let q = 1364 + m. Is q a prime number?
False
Let a(h) = -3*h + 7. Let n be a(0). Let v be (-1 - -1)/(1*(n + -8)). Suppose 4 = -4*d, -4*r + 2*d = -v*r - 566. Is r composite?
True
Let d(x) = -3 + 93*x + 10 + 0. Let h be d(4). Suppose -3*p = -4*p + h. Is p a composite number?
False
Let z(s) be the first derivative of -55*s**4/4 - 3*s**3 - 7*s**2/2 - 16*s - 98. Is z(-7) a prime number?
True
Let j = 27432 + -18897. Suppose -14*s - j = -17*s. Is s prime?
False
Suppose 4*a = -5*y - 20, -3*y - 16 = a + y. Suppose a*d + 5214 = 2*d. Suppose 2*k + k = d. Is k a prime number?
False
Let p = 354819 + -143618. Is p prime?
False
Suppose 2*w = -7 + 3. Let f = w + -1. Is ((-87)/(-6))/(f/(-78)) composite?
True
Let s = 35014 - -22629. Is s a prime number?
False
Let q(v) = 35*v**2 - 100*v - 1523. Is q(-76) prime?
False
Let m(f) = -f - 17. Suppose -2*l = 8, -5*w - 2*l - 29 = 74. Let d be m(w). Suppose 4*y - 3143 = -3*u, -d*u + 1026 = -u - 3*y. Is u a composite number?
True
Suppose 340*a - 344*a + 20 = 0. Suppose 4*s - 13*r + 11*r = 9310, -2*s + 4673 = a*r. Is s prime?
False
Let w be 8/2*375/(-4). Suppose -10*l = 2521 - 10781. Let f = w + l. Is f a composite number?
True
Let f be (-7)/((-84)/8) - (-276928)/12. Let t = f + -14127. Is t prime?
True
Suppose 35*o - 4*c - 20 = 33*o, -3*o + 5*c + 25 = 0. Suppose o = 2*s - 1618 + 300. Is s a composite number?
False
Let z(a) = -a**2 - 7*a + 2. Let p be z(-7). Suppose 4*j = f + 1744, p*j + 2*f - 1319 = -j. Is j composite?
True
Suppose -413*q + 73715685 + 396041666 = 0. Is q prime?
True
Let k(d) = d + 9. Let w be k(-3). Suppose 5*r - 4 - w = 0. Suppose -r*j = 4*q - 714, 5*q = 17 + 8. Is j a prime number?
True
Is ((-6)/(-24)*2)/((92/(-1339368))/(-23)) a prime number?
False
Suppose -9*c + 17*c - 10086311 = -29*c. Is c a composite number?
False
Let i be (-35973)/(-42)*20/6. Let s = i - 1034. Is s prime?
False
Let d = 487513 + -346616. Is d a prime number?
True
Let u(i) = -3 + 16 - 119*i + 111*i + 7*i**2. Let a be u(5). Is (2/4)/(2/a) prime?
True
Let g be 385*(1 + -2 + 24). Suppose g = -2*p + 33933. Is p composite?
False
Suppose 2*c - 3*m = -25, 0*c + m + 21 = -3*c. Let n be -1 + -8976 + 4 + c. Let x = 13182 + n. Is x a composite number?
False
Let k(m) = -39*m + 236. Let p(g) = -20*g + 117. Let s(x) = 6*k(x) - 13*p(x). Is s(10) a composite number?
True
Let m(c) = 65*c**2 - 2*c + 129. Is m(110) prime?
False
Is ((-73193)/3 + 4)*42/(-14) composite?
False
Let g(m) = m**2 - 16*m + 30. Let k be g(14). Let w be 46/11 - k/11. Suppose w*u = 5*x - 1939 + 64, -5*x + 1920 = 5*u. Is x composite?
False
Let q be 8*((-420)/8)/(-7). Suppose 0 = -3*t - 2*t + q. Is -487*3*(-4)/t prime?
True
Let a(o) = 5709*o + 244. Is a(5) a prime number?
True
Is 617506/8 - 84/(-112) a prime number?
False
Is (63/(-42))/((-3)/62518) composite?
False
Let z = -1892641 + 2766194. Is z a prime number?
True
Suppose 0 = n + 3*h - 1946, -22*n + 9769 = -17*n + 2*h. Let f be 2892/(-8)*(-8)/(-6). Let m = n - f. Is m a prime number?
True
Let n = 2359 + -866. Let g = 929 - n. Let o = g + 945. Is o prime?
False
Let y = -11453 - -16874. Suppose 5*o - 26411 = -y. Suppose 0*g + o = 5*r - 3*g, -2522 = -3*r + 5*g. Is r prime?
True
Suppose -3*f + 12 - 1 = -5*i, -3*i = -f - 3. Is (((-2721)/f)/(-1))/((-6)/(-24)) a composite number?
False
Suppose -17*t - 9 = -18*t. Suppose t*u - 3*c + 24239 = 14*u, -c = -4*u + 19398. Is u composite?
True
Let i(s) = -9*s + 50. Let p(u) = 9*u - 51. Let t(z) = 5*i(z) + 6*p(z). Suppose 3*y = 5*v - 89, -3*v = -2*y - 9 - 44. Is t(v) composite?
True
Let s(o) be the second derivative of -209/6*o**3 - 15/2*o**2 - 13*o + 0. Is s(-4) a prime number?
True
Let a(m) = -14*m - 200. Let x be a(-23). Suppose -x*y + 108493 = -115*y. Is y a prime number?
False
Let s(l) = -15*l + 213. Let t be s(14). Suppose 0 = -0*h - h - 3*i + 3143, -t*h - 2*i = -9443. Is h prime?
False
Let b = -716158 + 1255715. Is b composite?
True
Is 6/(21/28*-1) + 6955 prime?
True
Let y = 81 - 55. Suppose 55928 + 66818 = y*m. Is m a prime number?
True
Let w = 77 - 68. Suppose -7*d = -58 + w. Suppose 936 + 149 = d*l. Is l prime?
False
Let j be (-2)/(-4)*0/((-160)/(-10)). Suppose 2*g = -r - 7*g + 3111, j = -3*r + 3*g + 9453. Is r a prime number?
False
Let h = -19052 - -38226. Is h composite?
True
Let w(q) = 1419*q**2 + 4*q - 39. Let r be w(4). Suppose -4*c = 6*k - 3*k - r, k - 17012 = -3*c. Is c composite?
True
Suppose -3*p + 3*n = -6*p - 6, p - 5*n = 22. Suppose -3*f = -p*c - 5269, -4*f + 7022 = -3*c + c. Is f a composite number?
False
Suppose 5*x - 6 = 3*l, -x + 18 = l + 4*l. Suppose 8818 = 5*s + 3*z - 1587, x*z = -4*s + 8324. Let c = -104 + s. Is c composite?
True
Suppose 14*g + 9 = 5*f + 13*g, 0 = 2*f - 4*g. Suppose f*j - 1895 = -3*j. Is j a prime number?
True
Let z be (-9)/3*(-295)/(-5). Let f = 266 + z. Let s = 420 - f. Is s a prime number?
True
Suppose -2027296 + 371791 - 219189 = -186*h. Is h prime?
True
Is (2 - 1469)*(-114539)/423 a prime number?
False
Let w(h) = 6*h**3 + 3*h**2 + 5*h. Let n(b) = -4*b + 4. Let t be n(2). Let a be w(t). Let g = 609 + a. Is g composite?
True
Let r(y) = 2*y - 2. Let a be r(-9). Suppose 11*n - 31 - 13 = 0. Is n - 7732/a - (-4)/10 composite?
True
Let o be -27622*(-6)/(-24)*-2. Suppose 5861 + o = 8*w. Is w a prime number?
True
Let x = -4020 - -2748. Suppose -3*s = 5*i + 14, -2*i + 4*s = -7*i - 12. Is x/(-12)*(-2)/i a composite number?
False
Let q(c) = 214*c**2 - 47*c + 402. Is q(7) a prime number?
True
Suppose 4*v = 4*h, -2*h - 2*v = -h - 12. Suppose -2*o + 61854 = -5*d + 22977, 38878 = 2*o - h*d. Is o a composite number?
False
Let w(d) = 7639*d - 12. Let z be w(-7). Let j = z - -111738. Suppose -18*b + 5*b = -j. Is b prime?
True
Let x be (-3)/(-9)*(-7)/(35/(-30)). Suppose -5*g + 13814 = 2*l + 693, 0 = x*l - 5*g - 13131. Is l a composite number?
False
Let t(a) = -a - 1. Let v(l) = 154*l**3 + l**2 - 8*l - 18. Let r(w) = t(w) - v(w). Let k be r(-4). Suppose -8*h + k = 1997. Is h a prime number?
False
Let x(h) = -67*h**3 + 4*h**2 + 52*h + 11. Let o be x(-8). Let a = -20770 + o. Is a composite?
True
Let p(t) = 62*t**2 + 266*t + 25. Is p(22) a prime number?
False
Is 9/21 - (-856400)/35 a prime number?
True
Suppose -176*c + 249*c + 42126273 = 136*c. Is c composite?
False
Let g be (-3 + 9)*11/(-22). Suppose -m = -2*y + 7 + 4, 2*m - 8 = -2*y. Is (m - -6 - 1) + (984 - g) a prime number?
True
Suppose 10 = 2*y + 4. Suppose y*m - 40 = 8*m. Is (633/(-4))/(2/m) prime?
False
Suppose 2*a - 117194 = -20*a. Suppose -a - 12943 = -2*r + 2*d, -3*d - 45667 = -5*r. Is r prime?
False
Let j(k) = k**2 - 5*k - 4. Let v be j(-1). Suppose 3*q + 53